{"id":1984,"date":"2024-10-21T19:41:48","date_gmt":"2024-10-21T17:41:48","guid":{"rendered":"https:\/\/fundacja.izba-lekarska.org.pl\/?post_type=product&#038;p=1984"},"modified":"2024-12-18T21:05:56","modified_gmt":"2024-12-18T20:05:56","slug":"jak-i-skad-sie-bierze-glos","status":"publish","type":"product","link":"https:\/\/fundacja.izba-lekarska.org.pl\/index.php\/produkt\/jak-i-skad-sie-bierze-glos\/","title":{"rendered":"Jak i sk\u0105d si\u0119 bierze g\u0142os?"},"content":{"rendered":"<p>Fundacja Pro Medico wyda\u0142a kolejn\u0105 ksi\u0105\u017ceczk\u0119 dla dzieci dr. Jacka Sroczy\u0144skiego \u201eJak i sk\u0105d si\u0119 bierze g\u0142os?\u201d<br \/>\nPom\u00f3\u017c swojemu dziecku zrozumie\u0107 sk\u0105d si\u0119 bierze g\u0142os. Dzi\u0119ki tej ksi\u0105\u017cce w prosty i zabawny spos\u00f3b dzieci dowiedz\u0105 si\u0119 jak dzia\u0142a nag\u0142o\u015bnia, co dzieje si\u0119 w krtani i dlaczego nie da si\u0119 po\u0142yka\u0107 i m\u00f3wi\u0107 jednocze\u015bnie. Wyrusz w fascynuj\u0105c\u0105 podr\u00f3\u017c w \u015bwiat g\u0142osu. Nauka o cz\u0142owieku w formie wierszy? Tak, to mo\u017cliwe!<br \/>\nKsia\u0328z\u0307eczke\u0328 moz\u0307na nabyc\u0301 tak\u017ce w S\u0301la\u0328skiej Izbie Lekarskiej. Opracowanie jest dobrym prezentem dla wszystkich dzieci, w szczeg\u00f3lno\u015bci ma\u0142ych pacjent\u00f3w odwiedzaja\u0328cych gabinety lekarskie.<\/p>\n","protected":false},"excerpt":{"rendered":"<p>Autor: dr Jacek Sroczy\u0144ski<br \/>\nWydanie I, Katowice 2024<br \/>\nISBN: 978-83-966211-7-7<br \/>\nWydawnictwo: Fundacja Pro Medico \u015al\u0105skiej Izby Lekarskiej w Katowicach<\/p>\n","protected":false},"featured_media":1985,"template":"","meta":[],"product_brand":[],"product_cat":[16],"product_tag":[],"class_list":{"0":"post-1984","1":"product","2":"type-product","3":"status-publish","4":"has-post-thumbnail","6":"product_cat-ksiazki","7":"product_shipping_class-ks","9":"first","10":"instock","11":"shipping-taxable","12":"purchasable","13":"product-type-simple"},"aioseo_notices":[],"_links":{"self":[{"href":"https:\/\/fundacja.izba-lekarska.org.pl\/index.php\/wp-json\/wp\/v2\/product\/1984","targetHints":{"allow":["GET"]}}],"collection":[{"href":"https:\/\/fundacja.izba-lekarska.org.pl\/index.php\/wp-json\/wp\/v2\/product"}],"about":[{"href":"https:\/\/fundacja.izba-lekarska.org.pl\/index.php\/wp-json\/wp\/v2\/types\/product"}],"wp:featuredmedia":[{"embeddable":true,"href":"https:\/\/fundacja.izba-lekarska.org.pl\/index.php\/wp-json\/wp\/v2\/media\/1985"}],"wp:attachment":[{"href":"https:\/\/fundacja.izba-lekarska.org.pl\/index.php\/wp-json\/wp\/v2\/media?parent=1984"}],"wp:term":[{"taxonomy":"product_brand","embeddable":true,"href":"https:\/\/fundacja.izba-lekarska.org.pl\/index.php\/wp-json\/wp\/v2\/product_brand?post=1984"},{"taxonomy":"product_cat","embeddable":true,"href":"https:\/\/fundacja.izba-lekarska.org.pl\/index.php\/wp-json\/wp\/v2\/product_cat?post=1984"},{"taxonomy":"product_tag","embeddable":true,"href":"https:\/\/fundacja.izba-lekarska.org.pl\/index.php\/wp-json\/wp\/v2\/product_tag?post=1984"}],"curies":[{"name":"wp","href":"https:\/\/api.w.org\/{rel}","templated":true}]}}