{"id":2391,"date":"2025-10-01T15:03:25","date_gmt":"2025-10-01T13:03:25","guid":{"rendered":"https:\/\/fundacja.izba-lekarska.org.pl\/?post_type=product&#038;p=2391"},"modified":"2026-04-19T15:44:49","modified_gmt":"2026-04-19T13:44:49","slug":"puzzle-1000-elementow-anatomiczne-serce","status":"publish","type":"product","link":"https:\/\/fundacja.izba-lekarska.org.pl\/index.php\/produkt\/puzzle-1000-elementow-anatomiczne-serce\/","title":{"rendered":"Puzzle 1000 element\u00f3w \u2013 Anatomiczne serce"},"content":{"rendered":"<p data-start=\"214\" data-end=\"443\">Wyj\u0105tkowa propozycja dla pasjonat\u00f3w medycyny, nauki i sztuki. <strong data-start=\"276\" data-end=\"300\">\u015al\u0105ska Izba Lekarska<\/strong> przygotowa\u0142a oryginalny zestaw puzzli przedstawiaj\u0105cych szczeg\u00f3\u0142ow\u0105 ilustracj\u0119 anatomiczn\u0105 ludzkiego serca w stylu dawnych rycin medycznych.<\/p>\n<p data-start=\"445\" data-end=\"668\">Uk\u0142adanka sk\u0142ada si\u0119 z <strong data-start=\"468\" data-end=\"486\">1000 element\u00f3w<\/strong>, kt\u00f3re po u\u0142o\u017ceniu tworz\u0105 niezwykle szczeg\u00f3\u0142owy i efektowny obraz \u2013 idealny zar\u00f3wno dla lekarzy, student\u00f3w medycyny, jak i wszystkich, kt\u00f3rzy ceni\u0105 pi\u0119kno nauki i sztuki w jednym.<\/p>\n<p data-start=\"670\" data-end=\"694\">\ud83e\udec0 <strong data-start=\"673\" data-end=\"692\">Dlaczego warto?<\/strong><\/p>\n<ul data-start=\"695\" data-end=\"974\">\n<li data-start=\"770\" data-end=\"832\">\n<p data-start=\"772\" data-end=\"832\">1000 element\u00f3w \u2013 prawdziwe wyzwanie dla mi\u0142o\u015bnik\u00f3w puzzli.<\/p>\n<\/li>\n<li data-start=\"833\" data-end=\"899\">\n<p data-start=\"835\" data-end=\"899\">Wysoka jako\u015b\u0107 wykonania \u2013 trwa\u0142e i precyzyjnie wyci\u0119te cz\u0119\u015bci.<\/p>\n<\/li>\n<li data-start=\"900\" data-end=\"974\">\n<p data-start=\"902\" data-end=\"974\">Unikatowy produkt kolekcjonerski stworzony przez \u015al\u0105sk\u0105 Izb\u0119 Lekarsk\u0105.<\/p>\n<\/li>\n<\/ul>\n<p data-start=\"976\" data-end=\"1135\">Puzzle doskonale sprawdz\u0105 si\u0119 jako prezent, inspiruj\u0105ca ozdoba po u\u0142o\u017ceniu (np. oprawiona w ram\u0119), a tak\u017ce wyj\u0105tkowa pami\u0105tka zwi\u0105zana z medycyn\u0105 i \u015al\u0105skiem.<\/p>\n","protected":false},"excerpt":{"rendered":"<p>Wyj\u0105tkowa propozycja dla pasjonat\u00f3w medycyny, nauki i sztuki. <strong data-start=\"276\" data-end=\"300\">\u015al\u0105ska Izba Lekarska<\/strong> przygotowa\u0142a oryginalny zestaw puzzli przedstawiaj\u0105cych szczeg\u00f3\u0142ow\u0105 ilustracj\u0119 anatomiczn\u0105 ludzkiego serca w stylu dawnych rycin medycznych.<\/p>\n","protected":false},"featured_media":2392,"template":"","meta":[],"product_brand":[],"product_cat":[15],"product_tag":[],"class_list":{"0":"post-2391","1":"product","2":"type-product","3":"status-publish","4":"has-post-thumbnail","6":"product_cat-bez-kategorii","7":"product_shipping_class-puzzle","9":"first","10":"instock","11":"shipping-taxable","12":"purchasable","13":"product-type-simple"},"aioseo_notices":[],"_links":{"self":[{"href":"https:\/\/fundacja.izba-lekarska.org.pl\/index.php\/wp-json\/wp\/v2\/product\/2391","targetHints":{"allow":["GET"]}}],"collection":[{"href":"https:\/\/fundacja.izba-lekarska.org.pl\/index.php\/wp-json\/wp\/v2\/product"}],"about":[{"href":"https:\/\/fundacja.izba-lekarska.org.pl\/index.php\/wp-json\/wp\/v2\/types\/product"}],"wp:featuredmedia":[{"embeddable":true,"href":"https:\/\/fundacja.izba-lekarska.org.pl\/index.php\/wp-json\/wp\/v2\/media\/2392"}],"wp:attachment":[{"href":"https:\/\/fundacja.izba-lekarska.org.pl\/index.php\/wp-json\/wp\/v2\/media?parent=2391"}],"wp:term":[{"taxonomy":"product_brand","embeddable":true,"href":"https:\/\/fundacja.izba-lekarska.org.pl\/index.php\/wp-json\/wp\/v2\/product_brand?post=2391"},{"taxonomy":"product_cat","embeddable":true,"href":"https:\/\/fundacja.izba-lekarska.org.pl\/index.php\/wp-json\/wp\/v2\/product_cat?post=2391"},{"taxonomy":"product_tag","embeddable":true,"href":"https:\/\/fundacja.izba-lekarska.org.pl\/index.php\/wp-json\/wp\/v2\/product_tag?post=2391"}],"curies":[{"name":"wp","href":"https:\/\/api.w.org\/{rel}","templated":true}]}}